{"id":203,"date":"2015-02-07T13:13:13","date_gmt":"2015-02-07T13:13:13","guid":{"rendered":"http:\/\/demo.wpcharming.com\/construction\/?page_id=203"},"modified":"2023-03-06T10:10:22","modified_gmt":"2023-03-06T09:10:22","slug":"location","status":"publish","type":"page","link":"https:\/\/www.locmat04.com\/index.php\/service\/location\/","title":{"rendered":"Location"},"content":{"rendered":"<p>[vc_row padding_top=\u00a0\u00bb0&Prime; padding_bottom=\u00a0\u00bb0&Prime;][vc_column][vc_single_image image=\u00a0\u00bb1052&Prime; img_size=\u00a0\u00bb1000&#215;600&Prime; alignment=\u00a0\u00bbcenter\u00a0\u00bb][vc_column_text]<\/p>\n\n        <style type='text\/css'>\n            #gallery-1 .gallery-item {\n                float: left;\n                text-align: center;\n                width: 20%;\n                margin-bottom:0;\n            }\n            #gallery-1 img {\n            }\n            #gallery-1 .gallery-caption {\n                margin-left: 0;\n            }\n        <\/style>\n        <script type='text\/javascript'>\n        \tjQuery(document).ready(function() {\n\t\t\t\tjQuery('.galleryid-203').magnificPopup({\n\t\t\t\t\tdelegate: '.gallery-item a',\n\t\t\t\t\ttype: 'image',\n\t\t\t\t\tgallery:{\n\t\t\t\t\t\tenabled:true\n\t\t\t\t\t},\n\t\t\t\t\tzoom: {\n\t\t\t\t\t\tenabled:true\n\t\t\t\t\t}\n\t\t\t\t});\n\t\t\t});\n        <\/script>\n\t\t<div id='gallery-1' class='gallery galleryid-203 gallery-columns-5 gallery-size-medium-thumb gallery-lightbox'><dl class='gallery-item'>\n            <dt class='gallery-icon'>\n                <a href='https:\/\/www.locmat04.com\/wp-content\/uploads\/telescopique-locmat.jpg'><img loading=\"lazy\" decoding=\"async\" width=\"600\" height=\"300\" src=\"https:\/\/www.locmat04.com\/wp-content\/uploads\/telescopique-locmat-600x300.jpg\" class=\"attachment-medium-thumb size-medium-thumb\" alt=\"location - vente mat\u00e9riel TP manutention 05000 Gap\" srcset=\"https:\/\/www.locmat04.com\/wp-content\/uploads\/telescopique-locmat-600x300.jpg 600w, https:\/\/www.locmat04.com\/wp-content\/uploads\/telescopique-locmat-400x200.jpg 400w, https:\/\/www.locmat04.com\/wp-content\/uploads\/telescopique-locmat-800x400.jpg 800w\" sizes=\"auto, (max-width: 600px) 100vw, 600px\" \/><\/a>\n            <\/dt><\/dl><dl class='gallery-item'>\n            <dt class='gallery-icon'>\n                <a href='https:\/\/www.locmat04.com\/wp-content\/uploads\/compresseur-gap-materiels.jpg'><img loading=\"lazy\" decoding=\"async\" width=\"600\" height=\"300\" src=\"https:\/\/www.locmat04.com\/wp-content\/uploads\/compresseur-gap-materiels-600x300.jpg\" class=\"attachment-medium-thumb size-medium-thumb\" alt=\"location - vente mat\u00e9riel TP manutention 05000 Gap\" srcset=\"https:\/\/www.locmat04.com\/wp-content\/uploads\/compresseur-gap-materiels-600x300.jpg 600w, https:\/\/www.locmat04.com\/wp-content\/uploads\/compresseur-gap-materiels-400x200.jpg 400w, https:\/\/www.locmat04.com\/wp-content\/uploads\/compresseur-gap-materiels-800x400.jpg 800w\" sizes=\"auto, (max-width: 600px) 100vw, 600px\" \/><\/a>\n            <\/dt><\/dl><dl class='gallery-item'>\n            <dt class='gallery-icon'>\n                <a href='https:\/\/www.locmat04.com\/wp-content\/uploads\/gap-materiels-bungalow-2.jpg'><img loading=\"lazy\" decoding=\"async\" width=\"600\" height=\"300\" src=\"https:\/\/www.locmat04.com\/wp-content\/uploads\/gap-materiels-bungalow-2-600x300.jpg\" class=\"attachment-medium-thumb size-medium-thumb\" alt=\"location - vente mat\u00e9riel TP manutention 05000 Gap\" srcset=\"https:\/\/www.locmat04.com\/wp-content\/uploads\/gap-materiels-bungalow-2-600x300.jpg 600w, https:\/\/www.locmat04.com\/wp-content\/uploads\/gap-materiels-bungalow-2-400x200.jpg 400w, https:\/\/www.locmat04.com\/wp-content\/uploads\/gap-materiels-bungalow-2-800x400.jpg 800w\" sizes=\"auto, (max-width: 600px) 100vw, 600px\" \/><\/a>\n            <\/dt><\/dl><dl class='gallery-item'>\n            <dt class='gallery-icon'>\n                <a href='https:\/\/www.locmat04.com\/wp-content\/uploads\/rouleau-gap-materiels.jpg'><img loading=\"lazy\" decoding=\"async\" width=\"600\" height=\"300\" src=\"https:\/\/www.locmat04.com\/wp-content\/uploads\/rouleau-gap-materiels-600x300.jpg\" class=\"attachment-medium-thumb size-medium-thumb\" alt=\"location - vente mat\u00e9riel TP manutention 05000 Gap\" srcset=\"https:\/\/www.locmat04.com\/wp-content\/uploads\/rouleau-gap-materiels-600x300.jpg 600w, https:\/\/www.locmat04.com\/wp-content\/uploads\/rouleau-gap-materiels-400x200.jpg 400w, https:\/\/www.locmat04.com\/wp-content\/uploads\/rouleau-gap-materiels-800x400.jpg 800w\" sizes=\"auto, (max-width: 600px) 100vw, 600px\" \/><\/a>\n            <\/dt><\/dl><dl class='gallery-item'>\n            <dt class='gallery-icon'>\n                <a href='https:\/\/www.locmat04.com\/wp-content\/uploads\/nacelle-elec.jpg'><img loading=\"lazy\" decoding=\"async\" width=\"600\" height=\"300\" src=\"https:\/\/www.locmat04.com\/wp-content\/uploads\/nacelle-elec-600x300.jpg\" class=\"attachment-medium-thumb size-medium-thumb\" alt=\"location - vente mat\u00e9riel TP manutention 05000 Gap\" srcset=\"https:\/\/www.locmat04.com\/wp-content\/uploads\/nacelle-elec-600x300.jpg 600w, https:\/\/www.locmat04.com\/wp-content\/uploads\/nacelle-elec-400x200.jpg 400w, https:\/\/www.locmat04.com\/wp-content\/uploads\/nacelle-elec-800x400.jpg 800w\" sizes=\"auto, (max-width: 600px) 100vw, 600px\" \/><\/a>\n            <\/dt><\/dl><div class=\"clear\"><\/div>\n            <div class=\"clear\"><\/div>\n        <\/div>\n\n<p>[\/vc_column_text][\/vc_column][\/vc_row][vc_row][vc_column width=\u00a0\u00bb1\/2&Prime;][vc_column_text]<\/p>\n<h4 style=\"text-align: center;\"><strong>La location simple et facile<\/strong><br \/>\nVous satisfaire en vous faisant b\u00e9n\u00e9ficier d&rsquo;un parc mat\u00e9riel performant sans cesse renouvel\u00e9 dans des domaines aussi diversifi\u00e9s que le terrassement, le b\u00e2timent, la manutention, l&rsquo;outillage et \u00e0 pr\u00e9sent l&rsquo;\u00e9l\u00e9vation.<\/h4>\n<p>[\/vc_column_text][vc_column_text]<\/p>\n<h4 style=\"text-align: center;\"><strong>Notre parc<\/strong><\/h4>\n<p style=\"text-align: center;\">300 machines r\u00e9centes, entretenues pour vos chantiers les plus divers et complexes<\/p>\n<p>[\/vc_column_text][vc_accordion active_tab=\u00a0\u00bb1&Prime;][vc_accordion_tab title=\u00a0\u00bbCompresseurs\u00a0\u00bb][vc_column_text]De 2000 \u00e0 5000 litres et plus.<\/p>\n<p><img loading=\"lazy\" decoding=\"async\" class=\"alignnone size-medium wp-image-2495\" src=\"https:\/\/www.locmat04.com\/wp-content\/uploads\/laeser-300x142.png\" alt=\"\" width=\"300\" height=\"142\" srcset=\"https:\/\/www.locmat04.com\/wp-content\/uploads\/laeser-300x142.png 300w, https:\/\/www.locmat04.com\/wp-content\/uploads\/laeser.png 586w\" sizes=\"auto, (max-width: 300px) 100vw, 300px\" \/>[\/vc_column_text][\/vc_accordion_tab][vc_accordion_tab title=\u00a0\u00bbOutillage pneumatique\u00a0\u00bb][vc_column_text]Tous vos accessoires pour le BTP et le sablage<\/p>\n<p><img loading=\"lazy\" decoding=\"async\" class=\"alignnone size-medium wp-image-2497\" src=\"https:\/\/www.locmat04.com\/wp-content\/uploads\/sableuse-acf-161x300.png\" alt=\"\" width=\"161\" height=\"300\" srcset=\"https:\/\/www.locmat04.com\/wp-content\/uploads\/sableuse-acf-161x300.png 161w, https:\/\/www.locmat04.com\/wp-content\/uploads\/sableuse-acf.png 254w\" sizes=\"auto, (max-width: 161px) 100vw, 161px\" \/>\u00a0 <img loading=\"lazy\" decoding=\"async\" class=\"alignnone size-medium wp-image-2545\" src=\"https:\/\/www.locmat04.com\/wp-content\/uploads\/MARTE-163x300.png\" alt=\"\" width=\"163\" height=\"300\" srcset=\"https:\/\/www.locmat04.com\/wp-content\/uploads\/MARTE-163x300.png 163w, https:\/\/www.locmat04.com\/wp-content\/uploads\/MARTE.png 331w\" sizes=\"auto, (max-width: 163px) 100vw, 163px\" \/>[\/vc_column_text][\/vc_accordion_tab][vc_accordion_tab title=\u00a0\u00bbB\u00e9ton et applications\u00a0\u00bb][vc_column_text]Pour la construction et la d\u00e9molition.<\/p>\n<p><img loading=\"lazy\" decoding=\"async\" class=\"alignnone size-medium wp-image-2540\" src=\"https:\/\/www.locmat04.com\/wp-content\/uploads\/AIGUILLE-300x197.png\" alt=\"\" width=\"300\" height=\"197\" srcset=\"https:\/\/www.locmat04.com\/wp-content\/uploads\/AIGUILLE-300x197.png 300w, https:\/\/www.locmat04.com\/wp-content\/uploads\/AIGUILLE.png 301w\" sizes=\"auto, (max-width: 300px) 100vw, 300px\" \/>[\/vc_column_text][\/vc_accordion_tab][vc_accordion_tab title=\u00a0\u00bbCompactage\u00a0\u00bb][vc_column_text]Une large gamme de la pilonneuse au compacteur de 14 T en passant par toute une gamme de rouleaux compacteurs.<\/p>\n<p><img loading=\"lazy\" decoding=\"async\" class=\"alignnone size-medium wp-image-2542\" src=\"https:\/\/www.locmat04.com\/wp-content\/uploads\/DYNAPAC-300x211.png\" alt=\"\" width=\"300\" height=\"211\" srcset=\"https:\/\/www.locmat04.com\/wp-content\/uploads\/DYNAPAC-300x211.png 300w, https:\/\/www.locmat04.com\/wp-content\/uploads\/DYNAPAC.png 483w\" sizes=\"auto, (max-width: 300px) 100vw, 300px\" \/>[\/vc_column_text][\/vc_accordion_tab][vc_accordion_tab title=\u00a0\u00bbGroupe electrogene\u00a0\u00bb][vc_column_text]De 2 \u00e0 100 Kva pour une utilisation ponctuelle ou 24\/24h<\/p>\n<p><img loading=\"lazy\" decoding=\"async\" class=\"alignnone size-medium wp-image-2548\" src=\"https:\/\/www.locmat04.com\/wp-content\/uploads\/SILE-300x248.png\" alt=\"\" width=\"300\" height=\"248\" srcset=\"https:\/\/www.locmat04.com\/wp-content\/uploads\/SILE-300x248.png 300w, https:\/\/www.locmat04.com\/wp-content\/uploads\/SILE.png 682w\" sizes=\"auto, (max-width: 300px) 100vw, 300px\" \/>[\/vc_column_text][\/vc_accordion_tab][vc_accordion_tab title=\u00a0\u00bbCamion benne\u00a0\u00bb][vc_column_text]Des fourgons\u00a0benne de 3.5T se conduisant avec le permis B.<\/p>\n<p><img loading=\"lazy\" decoding=\"async\" class=\"alignnone size-medium wp-image-2541\" src=\"https:\/\/www.locmat04.com\/wp-content\/uploads\/CAMION-300x208.png\" alt=\"\" width=\"300\" height=\"208\" srcset=\"https:\/\/www.locmat04.com\/wp-content\/uploads\/CAMION-300x208.png 300w, https:\/\/www.locmat04.com\/wp-content\/uploads\/CAMION.png 386w\" sizes=\"auto, (max-width: 300px) 100vw, 300px\" \/>[\/vc_column_text][\/vc_accordion_tab][vc_accordion_tab title=\u00a0\u00bbElectro portatifs et divers\u00a0\u00bb][vc_column_text]Une gamme d&rsquo;\u00e9lectro-portatif pour vos chantiers.<\/p>\n<p><img loading=\"lazy\" decoding=\"async\" class=\"alignnone size-medium wp-image-2544\" src=\"https:\/\/www.locmat04.com\/wp-content\/uploads\/HITA-300x119.png\" alt=\"\" width=\"300\" height=\"119\" srcset=\"https:\/\/www.locmat04.com\/wp-content\/uploads\/HITA-300x119.png 300w, https:\/\/www.locmat04.com\/wp-content\/uploads\/HITA-768x304.png 768w, https:\/\/www.locmat04.com\/wp-content\/uploads\/HITA.png 825w\" sizes=\"auto, (max-width: 300px) 100vw, 300px\" \/>[\/vc_column_text][\/vc_accordion_tab][vc_accordion_tab title=\u00a0\u00bbManutention &#8211; Elevation\u00a0\u00bb][vc_column_text]Des chariots \u00e9l\u00e9vateurs en location courte ou longue dur\u00e9e, des nacelles d&rsquo;int\u00e9rieur au mod\u00e8le sur chenille, jusqu&rsquo;\u00e0 une hauteur de 25 m\u00e8tres<\/p>\n<p><img loading=\"lazy\" decoding=\"async\" class=\"alignnone size-medium wp-image-2543\" src=\"https:\/\/www.locmat04.com\/wp-content\/uploads\/GTH4014-275x300.png\" alt=\"\" width=\"275\" height=\"300\" srcset=\"https:\/\/www.locmat04.com\/wp-content\/uploads\/GTH4014-275x300.png 275w, https:\/\/www.locmat04.com\/wp-content\/uploads\/GTH4014.png 303w\" sizes=\"auto, (max-width: 275px) 100vw, 275px\" \/>[\/vc_column_text][\/vc_accordion_tab][vc_accordion_tab title=\u00a0\u00bbAbris de chantier\u00a0\u00bb][vc_column_text]Du bungalow \u00e0 la base-vie, des produits confortables privil\u00e9giant l&rsquo;isolation thermique et phonique.<\/p>\n<p><img loading=\"lazy\" decoding=\"async\" class=\"alignnone wp-image-2296\" src=\"https:\/\/www.locmat04.com\/wp-content\/uploads\/CONTAINEX5-300x226.png\" alt=\"\" width=\"300\" height=\"226\" srcset=\"https:\/\/www.locmat04.com\/wp-content\/uploads\/CONTAINEX5-300x226.png 300w, https:\/\/www.locmat04.com\/wp-content\/uploads\/CONTAINEX5.png 613w\" sizes=\"auto, (max-width: 300px) 100vw, 300px\" \/>[\/vc_column_text][\/vc_accordion_tab][vc_accordion_tab title=\u00a0\u00bbSignalisation &#8211; Topographie\u00a0\u00bb][vc_column_text]Toute la signalisation mobile : des panneaux de signalisation aux feux programmables<\/p>\n<p><img loading=\"lazy\" decoding=\"async\" class=\"alignnone wp-image-2402\" src=\"https:\/\/www.locmat04.com\/wp-content\/uploads\/tts1-89x300.png\" alt=\"\" width=\"63\" height=\"212\" srcset=\"https:\/\/www.locmat04.com\/wp-content\/uploads\/tts1-89x300.png 89w, https:\/\/www.locmat04.com\/wp-content\/uploads\/tts1.png 155w\" sizes=\"auto, (max-width: 63px) 100vw, 63px\" \/>\u00a0 <img loading=\"lazy\" decoding=\"async\" class=\"alignnone wp-image-2312\" src=\"https:\/\/www.locmat04.com\/wp-content\/uploads\/signalisation-300x185.png\" alt=\"\" width=\"162\" height=\"100\" srcset=\"https:\/\/www.locmat04.com\/wp-content\/uploads\/signalisation-300x185.png 300w, https:\/\/www.locmat04.com\/wp-content\/uploads\/signalisation.png 478w\" sizes=\"auto, (max-width: 162px) 100vw, 162px\" \/>[\/vc_column_text][\/vc_accordion_tab][vc_accordion_tab title=\u00a0\u00bbPompes et accesssoires\u00a0\u00bb][vc_column_text]Pompes thermiques et \u00e9lectriques jusqu&rsquo;\u00e0 350m3 \/ heure.<\/p>\n<p><img loading=\"lazy\" decoding=\"async\" class=\"alignnone size-medium wp-image-2547\" src=\"https:\/\/www.locmat04.com\/wp-content\/uploads\/POMPE-165x300.png\" alt=\"\" width=\"165\" height=\"300\" srcset=\"https:\/\/www.locmat04.com\/wp-content\/uploads\/POMPE-165x300.png 165w, https:\/\/www.locmat04.com\/wp-content\/uploads\/POMPE.png 332w\" sizes=\"auto, (max-width: 165px) 100vw, 165px\" \/>[\/vc_column_text][\/vc_accordion_tab][vc_accordion_tab title=\u00a0\u00bbTerrassement\u00a0\u00bb][vc_column_text]Tout une gamme de mini-pelles compactes, de chargeurs articul\u00e9s et rotatifs pour vos chantiers de terrassement et VRD.<\/p>\n<p><img loading=\"lazy\" decoding=\"async\" class=\"alignnone size-medium wp-image-2546\" src=\"https:\/\/www.locmat04.com\/wp-content\/uploads\/PELLE-300x284.png\" alt=\"\" width=\"300\" height=\"284\" srcset=\"https:\/\/www.locmat04.com\/wp-content\/uploads\/PELLE-300x284.png 300w, https:\/\/www.locmat04.com\/wp-content\/uploads\/PELLE.png 609w\" sizes=\"auto, (max-width: 300px) 100vw, 300px\" \/>[\/vc_column_text][\/vc_accordion_tab][\/vc_accordion][\/vc_column][vc_column width=\u00a0\u00bb1\/2&Prime;][vc_column_text]<\/p>\n<h4 style=\"text-align: center;\"><strong>L&rsquo;avantage de la location<\/strong><\/h4>\n<p style=\"text-align: center;\">Votre tranquillit\u00e9 \u00e0 travers des contrats de location simple.<br \/>\nDe la location journali\u00e8re \u00e0 la location longue dur\u00e9e.[\/vc_column_text][\/vc_column][\/vc_row]<\/p>\n","protected":false},"excerpt":{"rendered":"<p>Construction consultants provide expert proactive and forensic support for construction projects and construction claims.<\/p>\n","protected":false},"author":6,"featured_media":1052,"parent":17,"menu_order":0,"comment_status":"open","ping_status":"open","template":"","meta":{"footnotes":""},"class_list":["post-203","page","type-page","status-publish","has-post-thumbnail","hentry"],"_links":{"self":[{"href":"https:\/\/www.locmat04.com\/index.php\/wp-json\/wp\/v2\/pages\/203","targetHints":{"allow":["GET"]}}],"collection":[{"href":"https:\/\/www.locmat04.com\/index.php\/wp-json\/wp\/v2\/pages"}],"about":[{"href":"https:\/\/www.locmat04.com\/index.php\/wp-json\/wp\/v2\/types\/page"}],"author":[{"embeddable":true,"href":"https:\/\/www.locmat04.com\/index.php\/wp-json\/wp\/v2\/users\/6"}],"replies":[{"embeddable":true,"href":"https:\/\/www.locmat04.com\/index.php\/wp-json\/wp\/v2\/comments?post=203"}],"version-history":[{"count":73,"href":"https:\/\/www.locmat04.com\/index.php\/wp-json\/wp\/v2\/pages\/203\/revisions"}],"predecessor-version":[{"id":12379,"href":"https:\/\/www.locmat04.com\/index.php\/wp-json\/wp\/v2\/pages\/203\/revisions\/12379"}],"up":[{"embeddable":true,"href":"https:\/\/www.locmat04.com\/index.php\/wp-json\/wp\/v2\/pages\/17"}],"wp:featuredmedia":[{"embeddable":true,"href":"https:\/\/www.locmat04.com\/index.php\/wp-json\/wp\/v2\/media\/1052"}],"wp:attachment":[{"href":"https:\/\/www.locmat04.com\/index.php\/wp-json\/wp\/v2\/media?parent=203"}],"curies":[{"name":"wp","href":"https:\/\/api.w.org\/{rel}","templated":true}]}}