{"id":2632,"date":"2018-09-11T14:30:54","date_gmt":"2018-09-11T12:30:54","guid":{"rendered":"https:\/\/www.locmat04.com\/?page_id=2632"},"modified":"2018-09-11T14:30:54","modified_gmt":"2018-09-11T12:30:54","slug":"promo-altrad-saint-denis","status":"publish","type":"page","link":"https:\/\/www.locmat04.com\/index.php\/promo-altrad-saint-denis\/","title":{"rendered":"Promo ALTRAD SAINT DENIS"},"content":{"rendered":"<h2><span style=\"color: #339966;\">Promo Altrad Saint Denis valable jusqu&rsquo;au 15 octobre 2018<\/span><\/h2>\n<p>Tout l&rsquo;\u00e9quipement n\u00e9cessaire \u00e0 vos chantiers des b\u00e9tonni\u00e8res, des brouettes, des talocheuses &#8230;<\/p>\n<p>Egalement des \u00e9chafaudages, des malaxeurs, des tarri\u00e8res&#8230;<\/p>\n<p><img loading=\"lazy\" decoding=\"async\" class=\"alignnone size-medium wp-image-3071\" src=\"https:\/\/www.gapmateriel.fr\/wp-content\/uploads\/ALTRAD-15-OCTOBRE-2018-190x300.png\" alt=\"\" width=\"190\" height=\"300\" \/><\/p>\n<p>Cliquez sur le lien <a href=\"https:\/\/www.gapmateriel.fr\/wp-content\/uploads\/PROMO-ALTRAD-2018.pdf\"><span style=\"color: #339966;\">PROMO ALTRAD 2018<\/span><\/a><\/p>\n","protected":false},"excerpt":{"rendered":"<p>Promo Altrad Saint Denis valable jusqu&rsquo;au 15 octobre 2018 Tout l&rsquo;\u00e9quipement n\u00e9cessaire \u00e0 vos chantiers des b\u00e9tonni\u00e8res, des brouettes, des talocheuses &#8230;<\/p>\n","protected":false},"author":6,"featured_media":0,"parent":0,"menu_order":0,"comment_status":"closed","ping_status":"closed","template":"","meta":{"footnotes":""},"class_list":["post-2632","page","type-page","status-publish","hentry"],"_links":{"self":[{"href":"https:\/\/www.locmat04.com\/index.php\/wp-json\/wp\/v2\/pages\/2632","targetHints":{"allow":["GET"]}}],"collection":[{"href":"https:\/\/www.locmat04.com\/index.php\/wp-json\/wp\/v2\/pages"}],"about":[{"href":"https:\/\/www.locmat04.com\/index.php\/wp-json\/wp\/v2\/types\/page"}],"author":[{"embeddable":true,"href":"https:\/\/www.locmat04.com\/index.php\/wp-json\/wp\/v2\/users\/6"}],"replies":[{"embeddable":true,"href":"https:\/\/www.locmat04.com\/index.php\/wp-json\/wp\/v2\/comments?post=2632"}],"version-history":[{"count":1,"href":"https:\/\/www.locmat04.com\/index.php\/wp-json\/wp\/v2\/pages\/2632\/revisions"}],"predecessor-version":[{"id":2633,"href":"https:\/\/www.locmat04.com\/index.php\/wp-json\/wp\/v2\/pages\/2632\/revisions\/2633"}],"wp:attachment":[{"href":"https:\/\/www.locmat04.com\/index.php\/wp-json\/wp\/v2\/media?parent=2632"}],"curies":[{"name":"wp","href":"https:\/\/api.w.org\/{rel}","templated":true}]}}